t the prime factors of n.
101
Let b(q) be the first derivative of q**4/4 - 2*q**3/3 - 3*q**2/2 + 2*q + 3. Let j be (-1 - -3)*1 + 1. What are the prime factors of b(j)?
2
Let g be 2/9 + (-10)/45. Let x(n) = n**3 + 21. What are the prime factors of x(g)?
3, 7
Let x(w) = -5*w**3 + 3*w**2 + 4. Let h(i) = -11*i**3 + 6*i**2 + 9. Let j(n) = 4*h(n) - 9*x(n). What are the prime factors of j(4)?
2
Let g be (0 + 3 + -2)*5. Suppose 4*k - 2*n - 86 = 0, -5*n = -3*k + g + 42. Suppose 5*y - k = -2*h, 3*y - 4 = -h + 8. What are the prime factors of h?
2, 3
Suppose -k = 2*k. Let a = k - -9. List the prime factors of a.
3
Suppose 3*n + 4*t = 7, 2*n - 3*n = 2*t - 1. Suppose -17 = n*j - 52. What are the prime factors of j?
7
Suppose 0 = q + 2 + 8. What are the prime factors of (4 - 1) + (12 - q)?
5
Suppose 3*k - 174 = 57. Suppose -3*q + b + k = -0*b, q - b - 27 = 0. What are the prime factors of q?
5
Let b(a) = 69*a - 11. List the prime factors of b(2).
127
Let b(g) = g**3 - 11*g**2 + 15*g - 7. Let o be b(10). Suppose -3*t = -o + 1. What are the prime factors of t?
2, 7
Let j(o) = 2 + 8 - 5*o + 6*o + o**3 - 14*o**2 + 0*o. What are the prime factors of j(14)?
2, 3
Let t(l) be the first derivative of -l**2 + 9*l + 4. What are the prime factors of t(-5)?
19
Let r = 12 - -2. Let a(i) = -2*i - 8. Let l be a(-6). Let d = r + l. What are the prime factors of d?
2, 3
Suppose 5*f - 117 - 63 = 0. List the prime factors of f.
2, 3
Let t(f) = -f**3 + f**2 + 23. List the prime factors of t(0).
23
Let i(b) = b**3 - 8*b**2 - 4*b - 2. Let v be i(8). What are the prime factors of (-1126)/v + (-6)/51?
3, 11
Suppose -5*m = -5*u + 40, m = -4*u - 2*m + 11. Suppose n = -j + 14 + 14, -4*n + u*j = -94. List the prime factors of n.
2, 13
Let y = -6 + 9. Suppose 4*u = 4*p - 44, p - 15 = -u + 3*u. What are the prime factors of (4 - y)*p + 1?
2
Let h(r) = -r**3 - 6*r**2 - r - 3. Let g be h(-6). Suppose 2 = -2*p + g*p. Suppose -7*z = -p*z - 55. What are the prime factors of z?
11
Suppose 5*b = 4*b + 20. What are the prime factors of b?
2, 5
Let i(n) = -n**2 - 6*n + 6. Let x be i(-7). Let v be 4/6*3 - 0. What are the prime factors of 3 + (x - v) + 18?
2, 3
Suppose w = 4*w. Suppose w = 7*o - 4*o - 39. What are the prime factors of o?
13
Let y = 23 + -45. Let n = 44 + y. What are the prime factors of -3 - n*(-3)/6?
2
Suppose 0 = -y + 1 + 26. Let s = y - 52. Let b = s + 36. What are the prime factors of b?
11
Suppose -4*c - k + 61 = 0, -c + 2*k + 70 = 3*c. What are the prime factors of c?
2
Let r be (-274)/(-18) - 4/18. Let f = r - 11. What are the prime factors of f?
2
Let y = 10 - -10. What are the prime factors of y?
2, 5
Let c be (-22)/5 + 8/20. Let q(s) = -s**2 - 2*s - 4. Let g(t) = -2*t**2 - 4*t - 9. Let u(o) = 6*g(o) - 13*q(o). What are the prime factors of u(c)?
2, 3
Let z(j) = -j**2 - j + 2 + 0*j**2 - 3*j - 6*j. Suppose -23 = 2*g - 9. What are the prime factors of z(g)?
23
What are the prime factors of 16/3*(-2)/((-8)/57)?
2, 19
Let i(o) = -6*o**2 + 4*o - 4. Let a be i(3). Let w = a - -66. What are the prime factors of w?
2, 5
Let v = 136 + -97. Let u(q) = -q**2 + 7*q + 4. Let d be u(7). Suppose 5*m - v = -d. List the prime factors of m.
7
Suppose -4*d = -111 + 15. What are the prime factors of d?
2, 3
Let s(v) = -3*v**3 + 2*v**2 - 10. List the prime factors of s(-3).
89
Let d be (2/6)/((-1)/(-6)). Suppose 3*k + 0 - 54 = 0. List the prime factors of k - (1 - d) - 3.
2
Suppose 40*d + 736 = 48*d. List the prime factors of d.
2, 23
Suppose -14 = -3*y - 2. Let o(c) = 6*c - 2. List the prime factors of o(y).
2, 11
Let a(q) = 14*q**2 + 24*q - 2. What are the prime factors of a(-4)?
2, 3, 7
List the prime factors of ((-45)/6)/((-1)/2).
3, 5
What are the prime factors of 27/5 + 4/(-10)?
5
Let k be (11 + -19)/(4/(-26)). Suppose k = 2*s - 4*d - 10, -2*s - 3*d = -97. List the prime factors of s.
41
Let k(r) = 3*r**2 - 2*r + 3. Let i be 1*(-3*2 - -3). What are the prime factors of k(i)?
2, 3
Let f(s) = s**3 - 5*s**2 - 6*s + 6. Let w be f(6). Suppose -w = a + a. Let c(h) = -6*h - 4. What are the prime factors of c(a)?
2, 7
Let w be 13/2 + (-3)/(-6). Suppose -56 = -w*o + 3*o. List the prime factors of o.
2, 7
Let c = -41 + 94. List the prime factors of c.
53
Suppose 5 = -5*s, 5*g - 55 = -3*s + 12. Let y be -4*(-3 + 1)*-1. Let t = g + y. List the prime factors of t.
2, 3
Let z be 1*6*(-3)/(-6). Suppose -z*b + 7 = -32. What are the prime factors of b?
13
Let u be (2 - 7)*42/(-5). Suppose -3*o + 26 = t, t - u = o + 4*o. Suppose 2*d + 5*w = 28, -3*d - 3*w = 2*w - t. List the prime factors of d.
2
Suppose -4*t - 4*w + 96 = 0, -4*t - w = -2*w - 91. List the prime factors of t.
23
Suppose -4*a = -2*a + 10. Let t be a/(15/(-24)) + -2. Let h(m) = m + 7. List the prime factors of h(t).
13
Let r(x) = -44*x**3 + x**2. List the prime factors of r(-1).
3, 5
Let a = 4 - 12. Let n(t) = t**2 + 8*t + 1. Let z be n(a). What are the prime factors of -34*(0 - z/2)?
17
Suppose 0 = -3*w - h + 194, 2*w + 3*h - 54 = w. What are the prime factors of w?
2, 3, 11
Let k = -38 + 110. What are the prime factors of k?
2, 3
Let l be (-2)/8 + 243/12. Let f be l*(6/8 - 0). Suppose -f - 1 = -2*y. What are the prime factors of y?
2
Suppose -4*l + 7 = -73. Suppose l = -u + 5*u. What are the prime factors of u?
5
Suppose 0*r - 4 = r. Let v be 0 + 1 + (-3 - -15). List the prime factors of (-4)/(r/v)*1.
13
Let k(u) = 3*u - u + u - 6*u - 27. Let j(c) = -2*c - 18. Let b(f) = -8*j(f) + 5*k(f). List the prime factors of b(7).
2
Let m = 15 - 10. Let w = m - 1. List the prime factors of 102/14 + w/(-14).
7
Suppose 2*k = -5*u + 6, -2*u - k - k = 0. Let h be u/(-5) + 57/5. Suppose 0 = 5*z + 4*w - h, z + z + w = 5. What are the prime factors of z?
3
Let j(i) be the second derivative of -i**3/3 - 5*i**2/2 - i. Let y = -21 - -14. List the prime factors of j(y).
3
Let h = -1 + 3. Suppose -17 = -5*d - h. Suppose d*m = 1 + 32. List the prime factors of m.
11
What are the prime factors of (8 - (-2)/1)*(-23)/(-1)?
2, 5, 23
Suppose l = k - 3*l - 15, -5*k + 141 = 2*l. Suppose n = 1 + k. Suppose -5*t = -t - n. List the prime factors of t.
7
Let b be (-27)/(-12) + 2/(-8). Suppose b*n + 3*n = 70. Suppose 0 = q + q - n. List the prime factors of q.
7
Suppose 4*r - 84 + 20 = 0. Suppose 0 = m - 9 - r. What are the prime factors of m?
5
Let u be 1/(-2)*10/(-1). Suppose 0 = -2*a - 2*o + 44, -u*o - 1 = -a + 3. What are the prime factors of a?
19
Let n(t) = -4*t**2 + 6*t - 5 - 3 + 5*t**2. List the prime factors of n(-8).
2
Let w = 114 - 79. List the prime factors of w.
5, 7
Let x be (8/10)/(2/5). Suppose 5 = o + v, x*o + 4*v + 0*v = 2. List the prime factors of o.
3
Let a(m) = -m + 5. Let s be a(10). Let y(v) = -v - 2. List the prime factors of y(s).
3
Let c = -1 - -1. Let s(q) = -2*q. Let n be s(-9). Suppose c = -4*m - 3*y + 15, 4*m - y - n = -3*y. List the prime factors of m.
2, 3
Let x be (2 - (-1)/(-1)) + -8. What are the prime factors of x/(-3) + (-2)/6?
2
Suppose -3*g = -8*g. Let s = g - -33. List the prime factors of s.
3, 11
Let m(r) = r**2 + 5*r - 6. Suppose 5*i - 6*i = 6. Let j be m(i). Suppose 3*f + 8 = 2*u, j*u - 4*f - 27 = -5*u. List the prime factors of u.
7
Suppose 9 + 63 = 4*j. What are the prime factors of j?
2, 3
Let w(t) = 2*t + 3. What are the prime factors of w(0)?
3
Let t be ((-1)/(-3))/((-1)/(-15)). Suppose -t = 5*d + 5*i, -d + 6*d - 31 = 4*i. Suppose 0 = 2*s + d*n + 2 + 9, 4*n + 10 = -5*s. What are the prime factors of s?
2
Let h be (24/2)/(-2)*-1. Suppose 2*u = 3*u + 3*b - h, -2*b - 6 = -u. List the prime factors of u.
2, 3
Suppose 5*a + 19 = 4*b, -3*a = -0*b + 3*b + 6. Let w be 3/(-6)*(-7 + b). Suppose -9 = -3*j + w*c, 23 = 3*j + 2*j + 3*c. What are the prime factors of j?
2
Suppose 3*l = 4*i - 344, 2*l + 0*l = -5*i + 430. List the prime factors of i.
2, 43
Suppose 4*o - o = 6, g + o = 7. Let a = 7 - g. Suppose -a*z = -1 - 5. What are the prime factors of z?
3
Suppose -j = -2*y - 6, -4*y = -5*j - 9*y + 60. Let x = j + -7. List the prime factors of x.
3
Let t = 52 + -14. What are the prime factors of t?
2, 19
List the prime factors of (-4 + 27/6)*398.
199
Let k(w) = -w**2. Let v(q) = 2*q**2 - 2*q + 1. Let l(m) = -3*k(m) - v(m). Let g be l(-5). Let d = 21 - g. What are the prime factors of d?
7
Suppose -5*m + 2*h - 6 + 76 = 0, 50 = 5*m + 2*